-20*l + 18. Let k(c) = -6*q(c) - 14*y(c). What is k(-3)?
22
Let m(x) = x**3 + 16*x**2 + 11*x - 7. Let h(l) = -l**3 - 17*l**2 - 11*l + 7. Let i(c) = -6*h(c) - 7*m(c). Determine i(-9).
25
Let c(f) = f**2 - 4*f - 5. Let b be c(-1). Let d(i) = -i - 16. Determine d(b).
-16
Let c(f) be the second derivative of f**3/2 - 3*f**2/2 + 8*f. Let u(z) = -z**3 - z + 3. Let l be u(0). Let s be c(l). Let o(i) = 2*i - 5. Determine o(s).
7
Let z(c) = -c**2 - 5*c - 6. Let g(k) = -2*k + 3. Let i be -3*4/(8/2). Let p be -3*(-1)/i*-4. Let d be g(p). Determine z(d).
-6
Let l be (-684)/(-114) + (1 - 1) + -5. Let z(t) = t. Give z(l).
1
Let n(h) = -h**2 - 11. Let l be (-58)/145 + -3*(-4)/30. Let k be ((0 + (-4)/(-12))*l)/(-2). Determine n(k).
-11
Suppose -2*s + 5*q - 11 = 0, -10 + 29 = 5*s + 3*q. Let n be (-1)/s*(15 + -27). Let k(v) = -n - 1 + 1 + 0 + v. Give k(4).
-2
Let q(o) be the third derivative of o**6/120 - o**3/3 + 2*o**2. Suppose f - z = 2*f - 13, z - 37 = -4*f. Let g be f/(-10)*25/10. Calculate q(g).
-10
Suppose -735 = -5*o - 0*o. Let u = o + -146. Let k(a) = 17*a**3 + a**2 - 2*a + 1. Determine k(u).
17
Let q(z) = -2 - 325*z + 117*z + 97*z + 113*z + 7*z**2. Give q(1).
7
Let i(c) = c**2 - 16*c + 9. Let w = -20 + 35. Let h be i(w). Let x(p) = 2*p + 7. Let j(o) = -10*o - 35. Let z(g) = 2*j(g) + 11*x(g). Give z(h).
-5
Let h be 14/16 + 1 + (-72)/(-576). Let q(c) = c**2 - 1. What is q(h)?
3
Let g(s) = -s**3 - 5*s**2 - 2. Suppose -r + 0*l - 19 = -2*l, -r = l + 19. Let x = -24 - r. Determine g(x).
-2
Let n be -24 + 17 - (-5)/5. Let h(p) = -p**3 - 5*p**2 + 5*p - 6. Calculate h(n).
0
Let x = -1210 - -1213. Let s(o) = 23*o - 2. Calculate s(x).
67
Let q(c) be the second derivative of 2*c**3/3 + 2*c. Suppose 2*r = 6*r - 4*x - 36, -2*x + 17 = 3*r. Suppose -l + 8 = r. What is q(l)?
4
Let m(h) = -3*h**2 - 6*h - 6. Let f(z) = -4*z**2 - 6*z - 7. Let v(s) = -4*f(s) + 5*m(s). Let w = -354 - -360. What is v(w)?
-2
Let i(b) = 3*b - 77 + 29*b**2 - 3*b + b**3 + 85 - 30*b**2. Let u = 3 + -3. Calculate i(u).
8
Let g = 412 - 427. Let o(w) = w**2 + 14*w - 16. Calculate o(g).
-1
Suppose 14 = 2*n - 4*s, 2*s = -n + 3 - 4. Suppose -j + n*a + 14 = -0*j, -5*j + 34 = 3*a. Let r(c) = c**2 - 8*c - 11. Determine r(j).
-11
Suppose 0*q + 2*q = 4*f + 8, q - 4 = f. Suppose -q*a = -7*a - 12. Let n(u) = -u + 3. Calculate n(a).
7
Let j(d) be the first derivative of -d**6/120 - 7*d**5/60 - 5*d**4/24 + 7*d**3/6 - 7*d**2 - 35. Let r(q) be the second derivative of j(q). Determine r(-6).
1
Suppose a = -2*n - 18, 3*a - 2*a - 18 = 2*n. Let w(p) = p**2 + 10*p + 9. What is w(n)?
0
Let c(l) be the second derivative of 11*l + 0 + l**3 - 1/12*l**4 - 1/2*l**2. Let n be 1/(-2) - 13/(-2). Calculate c(n).
-1
Let d be (-3 - (-30)/18)*3/(-1). Let p(s) = s**3 - 4*s**2 - 2*s - 3. Determine p(d).
-11
Let h(b) = b**2 + 4*b - 5. Let x(t) = -4*t - 4. Let c be -7 + 0 + 1*3. Let r be x(c). Let u = r - 16. What is h(u)?
-5
Let l(a) = -a**3 - 16. Let z = 108 + -108. Give l(z).
-16
Let q(o) = -o**2 - 10*o - 12. Suppose 3*c - 2*c - 7 = l, -4*l - 4*c - 44 = 0. Determine q(l).
-3
Let f(p) = -p**2 - 6*p - 4. Let t be (6/(-15))/(7/630). Let b = t + 32. Determine f(b).
4
Suppose -p - 3 = -v, 5*p - 6 - 11 = -3*v. Suppose 5*i = -2*r + 9, v*i + 5*r + 5 - 19 = 0. Let g be i/(10/4 + -2). Let l(j) = -3*j - 1. Calculate l(g).
-7
Suppose 9 = i + 5*v - 3, 0 = i + v - 4. Let a(o) = 23*o**3 + 0*o**2 - o**i - 24*o**3 - 3*o + 5*o**2. Determine a(2).
2
Let s(i) = -i - 6. Let n(b) = 8. Let p(f) = -6*n(f) - 8*s(f). Let w = -15 + 2. Let y = 12 + w. What is p(y)?
-8
Let j(y) = -y**2 + 13*y - 6. Let q = -860 - -872. What is j(q)?
6
Let l(t) = -2 + 5*t + t - 3*t**2 + 0. Let j(i) = -7*i**2 + 12*i - 4. Let y be -14*12/(-42)*1/(-2). Let u(o) = y*j(o) + 5*l(o). Give u(5).
3
Suppose -3*z + 5*g + 22 = 0, 4*z - 8 = z - 2*g. Let c(x) be the second derivative of 2/3*x**3 - 1/2*x**2 + 0 - 1/20*x**5 + 1/4*x**4 + 9*x. What is c(z)?
-1
Let m(d) = -27*d**2 - 2*d + 1. Let v = -119 + 120. What is m(v)?
-28
Let g(d) be the first derivative of -d**4/2 + 2*d**3 - 3*d + 88. Give g(4).
-35
Let d(z) be the second derivative of z**5/20 + z**4/2 + z**3/2 - 7*z**2/2 + 4*z - 9. Give d(-5).
3
Let u(z) = -7*z**2 + 30*z - 8. Let v be u(4). Let j(d) = -2*d**2 - 2*d - 10. Give j(v).
-10
Let b(i) = -i**3 - 4*i**2 + i + 2. Suppose 3*n + 28 = -n. Let l = 26 + n. Let j = -23 + l. Determine b(j).
-2
Let y(p) = p + 7. Let s = 305 - 327. Let j(q) = q**3 - 6*q**2 + 3*q + 1. Let d be j(6). Let z = d + s. Give y(z).
4
Let p(u) = 5*u - 18. Let h(a) = -11*a + 36. Let l(k) = 2*h(k) + 5*p(k). Let s(c) = 4*c - 27. Let j(b) = -8*l(b) + 5*s(b). Determine j(7).
-19
Suppose -3*x = r + 15, 4*r = x - 4*x - 24. Let s(c) be the third derivative of -c**4/24 - c**3/2 + 210*c**2. Give s(x).
1
Let f(y) be the first derivative of y**4/2 + y**3 - y**2/2 - 2*y - 134. Suppose -4*g - 6 = -2*z, 16 = -2*g - 2*z + 4. Let o = 1 + g. Give f(o).
-4
Suppose r + 5*n = 10, -4*r = -3*n - 16 - 1. Let i(b) = 20*b - 5. Let v(f) = -7*f + 2. Let o(y) = 6*i(y) + 17*v(y). Calculate o(r).
9
Let i(m) = -m - 2. Let w(p) = p + 3. Let s(q) = 4*i(q) + 5*w(q). Let r(z) = -2*z - 13. Let d be 21/(-4) + 2/8. Let o(y) = d*s(y) - 2*r(y). Give o(-8).
-1
Let p(s) = -3*s + 3. Suppose -1 = 3*k - 7. Suppose 2*m = 3*m - k. Suppose 0 = -5*z - 5*i, -z + m*z + 5*i + 12 = 0. What is p(z)?
-6
Let c(d) = -4*d**3 - 17*d**2 + 8*d + 21. Let y(n) = -n**3 - 4*n**2 + 2*n + 5. Let b(g) = 2*c(g) - 9*y(g). Let k = 22 - 13. Suppose -2*o = k - 3. Determine b(o).
-6
Let h be 2/11 - 6/33. Let r(w) be the first derivative of 0*w**2 - 2 + 1/3*w**3 + 0*w. Determine r(h).
0
Let b(h) = 3*h - 2*h**2 + h**2 - 9 + 2*h**2. Let u(t) = -t**2 + 2*t + 11. Let g be u(5). Let r be b(g). Let i(l) = -l - 1. What is i(r)?
4
Let t(b) = 2*b + 9. Let q = -24 + 15. Let o(z) = -z**3 - 8*z**2 + 9*z - 6. Let k be o(q). Give t(k).
-3
Suppose 0 = -2*u + u - 2. Let s be -1 + (8 - 4) + -7. Let d(p) = -3*p - 3. Let k(g) = -4*g - 3. Let n(b) = s*d(b) + 5*k(b). Determine n(u).
13
Let x(z) = 9*z**3 + 36*z**2 + 4*z - 36. Let y(l) = -5*l**3 - 19*l**2 - 2*l + 19. Let r(i) = -6*x(i) - 11*y(i). Determine r(7).
-7
Let z be ((-84)/252)/(2/42). Let q(a) = 4*a - 10. Give q(z).
-38
Let g(y) = 4*y - 3. Let o(q) = -q**2 - 8*q + 36. Let v be o(-11). Give g(v).
9
Let f = -5 - -3. Let m(i) = -i - i - 4*i + 5*i - 1. What is m(f)?
1
Let v(s) = -s**3 + 5*s**2 - 4*s - 1. Let f(q) = -2*q + 18. Let r be f(9). Suppose r = -j + 2*j - 4*k + 5, 4*j - 14 = -k. What is v(j)?
5
Let q(l) = l**2 - 1. Let c(v) = v + 14. Let y be c(-5). Let p = y - 5. Let i be p/2 - (2 + -2). Give q(i).
3
Let w(l) = l**3 - l**2 - 6*l + 3. Let a = -8 + 11. Let z be w(a). Let q(s) = z + 3*s + 8*s**2 - 2*s - 7*s**2 - 2*s. What is q(0)?
3
Let h be (-1 - -2) + 1*3. Let m(d) = -h + 3*d - 2 + 3. Let b be (-8)/(-2) - (30 + -28). Calculate m(b).
3
Suppose 13*l - 7 - 19 = 0. Let f(j) = -2*j**2 + 2*j + 2. Give f(l).
-2
Let f(m) = 44*m + 40*m + 50*m - 170*m + 41*m. Suppose 2*x + 3*x = 20. Calculate f(x).
20
Let y be 8/(-2) + 0 + -2. Let i(n) be the second derivative of n**5/20 + 2*n**4/3 + 4*n**3/3 + n**2 + 266*n - 3. Determine i(y).
26
Suppose -16 = -2*g + 4*i, 2*g + 2*i - 4 = -0*g. Let w(x) be the second derivative of x**5/20 - 5*x**4/12 + x**3/2 + 3*x**2/2 - 4*x. Determine w(g).
-1
Suppose 2*g - 3*o = 8, -g + 60*o - 64*o + 15 = 0. Let x(n) be the second derivative of -n**5/20 + n**4/2 + 7*n**3/6 + 5*n**2/2 + 2*n. What is x(g)?
5
Let o(y) = 2 + y - 14858*y**2 + 14857*y**2 - 1. Let s(n) = -n. Let d(t) = -4*t**2 - t + 2. Let q(x) = -d(x) + s(x). Let g(a) = 3*o(a) + q(a). What is g(-3)?
1
Let n(c) be the third derivative of 0*c + 5/6*c**3 + 0 - 30*c**2 - 1/60*c**5 - 1/24*c**4. Calculate n(0).
5
Let c(l) = l**3 - 13*l**2 - l + 14. Let w = -471 + 484. Give c(w).
1
Let a(d) = -9*d**3 + 3*d**2 - d + 7. Let i(k) = -4*k**3 + k**2 + 3. Let j(b) = 2*a(b) - 5*i(b). Calculate j(-2).
-9
Let q(c) = -65*c**2 - 25*c - 3. Let j(w) = -8*w**2 - 3*w + 1. Let p(u) = -8*j(u) + q(u). Let x(t) = t**2 + 7*t + 6. Let m be x(-6). What is p(m)?
-11
Let m(f) = f + 6. Suppose 3*v = -2*u - 19, -3 = 3*v + u + 11. Determine m(v).
3
Suppose -5*w + 4*h + 9 = 0, 5 + 0 = w - 4*h. Suppose 0 = c - 2*c + 2*n - w, 1 = -c - n. Let g(m) = 20*m**3 + m**2 + m. Determine g(c).
-20
Let k(y) = -5*y**3 - 7*